inder when 1770 is divided by 773.
224
What is the remainder when 66563 is divided by 1187?
91
What is the remainder when 7847 is divided by 712?
15
What is the remainder when 13158 is divided by 572?
2
Calculate the remainder when 101921 is divided by 307.
304
Calculate the remainder when 341126 is divided by 1786.
0
Calculate the remainder when 1868100 is divided by 22.
14
Calculate the remainder when 9247 is divided by 137.
68
What is the remainder when 1864560 is divided by 1161?
1155
Calculate the remainder when 7052 is divided by 3513.
26
What is the remainder when 17155 is divided by 5657?
184
Calculate the remainder when 8687 is divided by 7.
0
What is the remainder when 32482 is divided by 62?
56
Calculate the remainder when 4309 is divided by 159.
16
What is the remainder when 84536 is divided by 13?
10
What is the remainder when 12137 is divided by 7?
6
Calculate the remainder when 25438 is divided by 681.
241
Calculate the remainder when 128237 is divided by 8.
5
What is the remainder when 205471 is divided by 6849?
1
Calculate the remainder when 7223361 is divided by 12.
9
Calculate the remainder when 1448 is divided by 253.
183
What is the remainder when 261627 is divided by 15?
12
What is the remainder when 11227 is divided by 38?
17
What is the remainder when 4368518 is divided by 65?
63
Calculate the remainder when 7718 is divided by 3794.
130
What is the remainder when 205 is divided by 109?
96
What is the remainder when 1439 is divided by 93?
44
Calculate the remainder when 812 is divided by 147.
77
Calculate the remainder when 1230 is divided by 1108.
122
What is the remainder when 104017 is divided by 28?
25
Calculate the remainder when 128765 is divided by 42905.
50
What is the remainder when 2893 is divided by 139?
113
What is the remainder when 5815 is divided by 327?
256
What is the remainder when 622828 is divided by 237?
229
Calculate the remainder when 9449 is divided by 34.
31
Calculate the remainder when 10104 is divided by 1671.
78
Calculate the remainder when 862 is divided by 126.
106
Calculate the remainder when 25808 is divided by 29.
27
What is the remainder when 1135 is divided by 8?
7
What is the remainder when 15401 is divided by 211?
209
What is the remainder when 6482 is divided by 923?
21
What is the remainder when 16608 is divided by 39?
33
Calculate the remainder when 64695 is divided by 45.
30
Calculate the remainder when 323594 is divided by 478.
466
Calculate the remainder when 4064 is divided by 636.
248
Calculate the remainder when 4800 is divided by 343.
341
Calculate the remainder when 376458 is divided by 376412.
46
Calculate the remainder when 190588 is divided by 8.
4
What is the remainder when 287787 is divided by 71945?
7
Calculate the remainder when 141416 is divided by 141413.
3
What is the remainder when 162497 is divided by 40617?
29
What is the remainder when 51889 is divided by 3705?
19
What is the remainder when 569 is divided by 346?
223
Calculate the remainder when 39359 is divided by 72.
47
Calculate the remainder when 59570 is divided by 8508.
14
Calculate the remainder when 3917479 is divided by 68.
67
What is the remainder when 8435 is divided by 4211?
13
What is the remainder when 5743 is divided by 2866?
11
What is the remainder when 20995 is divided by 292?
263
What is the remainder when 19321 is divided by 82?
51
What is the remainder when 6278 is divided by 3127?
24
Calculate the remainder when 12890 is divided by 756.
38
What is the remainder when 12638 is divided by 53?
24
What is the remainder when 15977 is divided by 188?
185
Calculate the remainder when 1023 is divided by 109.
42
Calculate the remainder when 15226 is divided by 4922.
460
Calculate the remainder when 3814 is divided by 152.
14
What is the remainder when 59491 is divided by 163?
159
What is the remainder when 19467 is divided by 779?
771
What is the remainder when 64232 is divided by 17?
6
Calculate the remainder when 6068 is divided by 6048.
20
Calculate the remainder when 3743856 is divided by 119.
116
Calculate the remainder when 3761 is divided by 1220.
101
What is the remainder when 162970 is divided by 615?
610
What is the remainder when 102598 is divided by 342?
340
Calculate the remainder when 2126 is divided by 26.
20
Calculate the remainder when 17464 is divided by 1339.
57
Calculate the remainder when 10563 is divided by 89.
61
Calculate the remainder when 270 is divided by 81.
27
Calculate the remainder when 176297 is divided by 504.
401
Calculate the remainder when 8102 is divided by 1925.
402
Calculate the remainder when 107437 is divided by 83.
35
What is the remainder when 621901 is divided by 827?
824
What is the remainder when 2658 is divided by 819?
201
Calculate the remainder when 43393 is divided by 21686.
21
What is the remainder when 2015433 is divided by 2227?
2225
Calculate the remainder when 25267 is divided by 212.
39
Calculate the remainder when 22552 is divided by 309.
304
What is the remainder when 50823 is divided by 98?
59
Calculate the remainder when 7170 is divided by 7079.
91
What is the remainder when 3463 is divided by 309?
64
What is the remainder when 3371 is divided by 1249?
873
Calculate the remainder when 6389 is divided by 580.
9
Calculate the remainder when 6843 is divided by 56.
11
What is the remainder when 856573 is divided by 20?
13
Calculate the remainder when 1286 is divided by 1065.
221
What is the remainder when 17775 is divided by 512?
367
Calculate the remainder when 4305 is divided by 1664.
977
What is the remainder when 2407664 is divided by 39?
38
What is the remainder when 1031 is divided by 314?
89
What is the remainder when 871012 is divided by 131?
124
Calculate the remainder when 891 is divided by 846.
45
What is the remainder when 92924 is divided by 1055?
84
Calculate the remainder when 3332 is divided by 1377.
578
Calculate the remainder when 74157 is divided by 668.
9
Calculate the remainder when 274651 is divided by 68.
67
Calculate the remainder when 614 is divided by 262.
90
What is the remainder when 4186 is divided by 131?
125
What is the remainder when 2350 is divided by 680?
310
What is the remainder when 46179 is divided by 46161?
18
Calculate the remainder when 338269 is divided by 88.
85
What is the remainder when 13792 is divided by 68?
56
Calculate the remainder when 5482 is divided by 5449.
33
What is the remainder when 2747 is divided by 185?
157
What is the remainder when 12884 is divided by 431?
385
Calculate the remainder when 8957 is divided by 147.
137
What is the remainder when 530239 is divided by 101?
90
What is the remainder when 3124 is divided by 102?
64
What is the remainder when 16166 is divided by 5200?
566
Calculate the remainder when 7574 is divided by 73.
55
Calculate the remainder when 15965 is divided by 7963.
39
Calculate the remainder when 742 is divided by 670.
72
What is the remainder when 7696 is divided by 398?
134
What is the remainder when 2290 is divided by 372?
58
What is the remainder when 206727 is divided by 6264?
15
Calculate the remainder when 314149 is divided by 20.
9
What is the remainder when 93085 is divided by 8?
5
What is the remainder when 89717 is divided by 1020?
977
Calculate the remainder when 2138 is divided by 2057.
81
What is the remainder when 5205 is divided by 14?
11
What is the remainder when 2622 is divided by 31?
18
What is the remainder when 308249 is divided by 14?
11
What is the remainder when 1889 is divided by 234?
17
What is the remainder when 59959 is divided by 92?
67
Calculate the remainder when 3456997 is divided by 871.
869
Calculate the remainder when 26294 is divided by 6568.
22
Calculate the remainder when 511443 is divided by 26.
23
What is the remainder when 4285 is divided by 51?
1
What is the remainder when 371680 is divided by 256?
224
Calculate the remainder when 148101 is divided by 95.
91
What is the remainder when 25387 is divided by 5075?
12
What is the remainder when 3185 is divided by 188?
177
What is the remainder when 4499 is divided by 101?
55
Calculate the remainder when 24822 is divided by 97.
87
What is the remainder when 76 is divided by 65?
11
What is the remainder when 613805 is divided by 165?
5
What is the remainder when 18420 